78 = -0*v. Let h = -77 + v. Let k be 6 - 2 - -5*h. Calculate r(k).
1
Let o(m) be the third derivative of 1/12*m**4 - 7/6*m**3 + 0*m + 0 + 61*m**2. Calculate o(5).
3
Let q(k) = -k**3 + 18*k**2 + 12*k + 42. Let g(v) = -v**3 + 19*v**2 + 13*v + 48. Let o(x) = 6*g(x) - 7*q(x). Calculate o(12).
-78
Let l(k) = -2*k + 2. Let g(x) = x - 1. Let s be 1/2*-2 - (5 + -2). Let c(d) = s*l(d) - 7*g(d). Let m be 2 + 3 - (9 + 2). What is c(m)?
-7
Let t(r) = 97 + 8*r - 84 - 20. Determine t(-4).
-39
Let p be 6/84*56/32. Let a(z) be the third derivative of -11*z**2 - 1/60*z**5 - 1/3*z**3 + p*z**4 + 0*z + 0. Determine a(4).
-6
Suppose 6*f = 11*f - 345. Let l(c) = 146 - 6*c - f - 78. Calculate l(5).
-31
Let k = -264 - -273. Suppose 5*z + 20 = 0, 0 = 2*w - z - 2 - 10. Let b(f) = f**2 - 2*f**2 + 9 + 7*f - w. Determine b(k).
-13
Suppose 5*p + 4*k - 210 = 0, 23 - 191 = -4*p - 4*k. Suppose -p*w + 66 = -48*w. Let y(t) = t**2 + 9*t - 1. Determine y(w).
21
Let n(s) be the first derivative of -7/6*s**3 + 0*s**2 - 21 - 29*s - 1/12*s**4. Let d(t) be the first derivative of n(t). Calculate d(-6).
6
Suppose -q + 6*q - 100 = 0. Let g = q + -23. Let p(i) = -3*i - 4. Determine p(g).
5
Let c(h) be the second derivative of 4*h**3/3 + 96*h**2 + 1110*h + 2. What is c(-27)?
-24
Let j(n) = -7*n**3 - 11*n**2 + 13*n + 2. Let x(t) = 6*t**3 + 10*t**2 - 12*t - 1. Let l(c) = 5*j(c) + 6*x(c). Suppose -68*p - 60*p = 768. Give l(p).
10
Let r(o) = 10*o + 87. Let i = 4739 - 4748. What is r(i)?
-3
Let a(n) = 5*n**2 + 4*n - 2*n + 0*n + n**2 - 12*n**2 - 3. Give a(-3).
-63
Let t(g) = -g**3 + 4*g**2 - g + 3. Suppose 0*f = -5*f + 10. Let w = -1008 + 1010. Suppose w*z - 16 = -f*z. What is t(z)?
-1
Suppose 4*u = -u - d + 27, 4*u + 2*d - 18 = 0. Suppose -3*l = i - 20, 0 = -u*i + 8*i + 4*l - 34. Let f(n) = n - 9. Give f(i).
2
Let z = -2801 + 2800. Let t(o) = 15*o**3 - 4*o + 1. Let n(w) = -w. Let d(k) = -4*n(k) + t(k). What is d(z)?
-14
Let g(w) = -12*w + 1. Let a(o) = o**3 - 8*o**2 + 8*o - 1. Let x be a(7). Let i = 67 + -74. Let s = x + i. Determine g(s).
13
Let p(d) = -10*d - 23. Let q be (-10)/(-2) - (11 + 313)/18. What is p(q)?
107
Let u(r) = r**3 - 3*r. Let l(c) = -3*c**2 + 40*c - 135. Let k be l(7). What is u(k)?
-2
Let b(w) be the first derivative of 37*w**2/2 - 27*w - 955. Give b(1).
10
Suppose 49*g = 407 - 113. Let b(f) be the first derivative of -f**4/4 + 5*f**3/3 + 3*f**2 + 3*f + 23. Calculate b(g).
3
Let f(p) be the third derivative of -p**5/60 + 17*p**4/24 + 3*p**3/2 + 1105*p**2. Calculate f(17).
9
Let t(l) = -l - 4. Suppose -528 + 540 = 4*s. Suppose -2*h + 30 = -4*d, 4*h = -4*d + s*h - 33. Calculate t(d).
4
Let p(h) = 5*h - 4. Let q = -158 + 158. Suppose q*g + 9*g = -45. Calculate p(g).
-29
Let x(s) = s**3 - 6*s**2 - 4*s + 1. Suppose -827*y - 19 = -i - 825*y, -3*i = 3*y + 6. Give x(i).
-44
Let a(h) be the third derivative of -h**6/360 - h**5/12 - 7*h**4/24 + 49*h**3/6 + 35*h**2. Let r(b) be the first derivative of a(b). Calculate r(-9).
2
Let m(n) = n**2 + 3*n - 3. Let c(j) = 129*j + 121*j + 129*j - 167 - 371*j. Let p be c(20). Calculate m(p).
25
Suppose 0 = 2*k + 2*h + 26, 0 = 187*k - 184*k + h + 41. Let z(g) = -4*g - 4. Give z(k).
52
Let v = -17 - -10. Suppose 5*r - 11 = 2*c + 16, 4*r = 5*c + 25. Let i(p) = -3 + 13 - p + p**3 - r + 7*p**2 - 7. Calculate i(v).
5
Let d = -16 - -11. Suppose 0 = -x + 6*i - 10*i + 17, -8 = x - i. Let w(s) = 5*s + 5. Let j(z) = -7*z - 4. Let v(t) = x*w(t) - 2*j(t). Give v(d).
-2
Suppose -200*s - 5500 = -17*s + 2003. Let d(p) = -4*p - 143. Determine d(s).
21
Let m(y) = y**3 + 5*y**2 + 3*y + 5. Let a(g) = -2*g**2 + 5*g + 44. Let h be a(0). Suppose 47*q = h*q - 12. What is m(q)?
9
Let g = -416 - -422. Let u(v) be the second derivative of -v**3/6 + 2*v**2 - v. Give u(g).
-2
Let y(c) = -314*c - 567. Let l(k) = -230*k - 425. Let s(n) = 11*l(n) - 8*y(n). What is s(-8)?
5
Let x(t) = t**2 + 12 + 0 - 4322773*t + 4322787*t. Let n be 424/(-36) - 4/18. What is x(n)?
-12
Let c(j) be the third derivative of -j**4/6 + j**3/3 - 17*j**2. Suppose 26*z - 2*u - 7 = 27*z, 4*z = -u + 14. What is c(z)?
-18
Let b(z) = -z. Let f(q) = 4*q - 4. Let l be ((-4)/(-8))/((1/(-4))/1). Let x(d) = l*b(d) - f(d). What is x(-3)?
10
Let l(s) = -5*s - 60 + 7 - 37 + 10*s. Let b be l(18). Let d(m) = -m**3 - m**2 + m + 6. Calculate d(b).
6
Let s(t) = -t**3 - 12*t**2 - 21*t + 4. Suppose 64*m - p - 42 = 68*m, -2*m = -4*p - 6. Give s(m).
-50
Suppose -5*g + 68 = 8*k - 10*k, -2*k - 68 = -g. Let x(l) = -13*l - 436. Let h be x(k). Let w(n) = 7*n - 2. What is w(h)?
40
Suppose 116*n = 117*n + 19. Let a(o) = -4*o - 66. What is a(n)?
10
Let y(l) = 13 - 19789*l**2 - 13*l + 19 + 19790*l**2. Give y(5).
-8
Suppose -74*d + 2*o - 48 = -79*d, d + 3*o = 20. Let c(g) = 2*g - 19. What is c(d)?
-3
Let l(u) = u**3 + 7*u**2. Suppose -14*m = -11 - 381. Suppose 4*f + 21 = f - 2*v, 0 = -4*f + 4*v - m. Calculate l(f).
0
Let y(t) be the third derivative of -t**5/30 + 4*t**3/3 + 655*t**2. Determine y(0).
8
Let l(b) = -16*b - 118. Let j be l(-8). Suppose j*c - 4*c = 0. Let n(p) = p**2 + 3. Determine n(c).
3
Let d(p) be the third derivative of p**6/120 - p**5/10 - p**4 + 7*p**3/6 - 2*p**2 - 3*p - 91. Determine d(-3).
-2
Suppose 0 = -11*o + 7 + 48. Let k be 6/3*3/(-6). Let c(t) = -6*t - 11. Let x(u) = -u - 1. Let g(f) = k*c(f) + o*x(f). Calculate g(0).
6
Let y(k) = -k**3 - 5*k**2 + 6*k - 8. Let l = -24 - -94. Let v = -81 + l. Let m(j) = 3*j + 27. Let f be m(v). Give y(f).
-8
Let b(d) = d**3 - 8*d**2 - 9*d + 10. Let w(z) = -z**2 - z + 1. Let x(a) = b(a) + 3*w(a). Let t = -376 - -388. Determine x(t).
13
Let u(k) = 15*k - 2. Let o(g) = -g**3 - 39*g**2 - 199*g - 33. Let b be o(-33). Calculate u(b).
-2
Let p(t) = -t**3 + 23*t**2 - 43*t - 25. Let g(s) = 2*s**3 - 46*s**2 + 86*s + 51. Let n(b) = -2*g(b) - 5*p(b). What is n(21)?
44
Let j(o) = 2*o**2 + 16*o - 140. Let b be j(-13). Let c(g) = -g - 24. What is c(b)?
-14
Let y = 108 + -118. Let z(s) = -2 - 11 + 0 - s. What is z(y)?
-3
Let i be 9/(-27) + 35/15. Suppose 12*p + n = 10*p - 7, -i*p = 2*n + 10. Let m(w) = -w**3 + w**2 + 2. Calculate m(p).
14
Let m(v) = -9*v**2 - 718*v + 21. Let b(a) = 13*a**2 + 1006*a - 31. Let x(w) = -5*b(w) - 7*m(w). Calculate x(4).
-40
Let f(m) = 2*m**2 - 5*m - 5. Let r(w) = 4*w**2 - 233*w - 663. Let a be r(61). Determine f(a).
83
Let g(o) = -3*o**2 + o + 7. Suppose d = -5*l + 15, -4*l = -5*d - 188 + 176. What is g(l)?
-17
Let a(d) = 9*d**2 + 5*d + 26. Let v(b) = -20*b**2 - 9*b - 53. Let s(q) = -9*a(q) - 4*v(q). Determine s(-5).
-2
Let h(x) = 2*x**3 - 3*x - 34*x**2 + 0*x - x**3 + 16*x**2 + 7 + 12*x**2. Let r = 14 - 8. Determine h(r).
-11
Let x = 51 + -45. Let r(s) = s**3 - 7*s**2 + 7*s - 13. Let z be r(x). Let l be (1/2*-1)/(z/56). Let b(m) = -2*m + 2. Calculate b(l).
-6
Let h(x) = -4*x + x - 1 + 21*x**3 + 4*x. Suppose 0 = -1155*y + 1503*y - 348. Determine h(y).
21
Let q(h) = h**3 + 7*h**2 + 7*h + 4. Let x be ((-2)/8)/((-9)/216). Suppose n - 4*y + 2 = 0, 3*y = -3*n + x*y - 15. What is q(n)?
-2
Let c(z) = z**2 - 3*z. Let r(n) = -5*n**2 + 8*n + 3. Suppose -o - 9 = y - 5*y, 0 = -3*y + 6. Let u(b) = o*r(b) - 6*c(b). Calculate u(7).
18
Let i(t) = 28*t**3 + 24*t**2 + 143*t - 53. Let h(x) = 13*x**3 + 11*x**2 + 66*x - 24. Let r(s) = -13*h(s) + 6*i(s). Let c = -7 + 12. Let z = c - 5. Give r(z).
-6
Let m(n) be the second derivative of 3*n**3 - 19*n - 3. What is m(-1)?
-18
Suppose -2911167*m = -2911237*m + 910. Let v(u) be the first derivative of u**3/3 - 15*u**2/2 + 31*u - 1. What is v(m)?
5
Let k = 25425 - 25433. Let d be ((-2)/6)/((-6)/198). Let n(g) = -d*g - g**3 - 2 - 9*g**2 + 3*g + 4. Give n(k).
2
Suppose 334 + 116 = 150*a. Let w(m) = -2*m + 7. Determine w(a).
1
Let t(c) = 2*c**2 - c. Let l(s) = -s**3 + 26*s**2 - 29*s + 110. Let b be l(25). Suppose 5*k + 9*y - 20 = 4*y, -5*k + y = b. Give t(k).
3
Let j(o) = -21*o**3 - 2*o**2 + 1. Let b be 52/12 + 1/(-3). Suppose 2*s - 151 = -147. Suppose -f = -s*a + 3, f - b*a + 11 = 4*f. Give j(f).
-22
Suppose -1 = 2*z + 3. Let m be (-4 - 10/z)*-5. Let f(h) be the second derivative of -h**4/12 - 5*h**3/6 + 2*h**2 - h. Calculate f(m).
4
Let u(t) = 2*t. Let j(g) = -2*g. Let h(r) = -5*r - 3. Let m(p) = -h(p) - 5*j(p). Let s(z) = -3*m(z) + 21*u(z). Determine s(-6).
9
Let r(x) be the first derivative of -x**4/4 + x**3/3 + x**2/2 - 19*x + 4. Sup